{"id":83,"date":"2021-05-26T22:21:20","date_gmt":"2021-05-26T20:21:20","guid":{"rendered":"http:\/\/www.myshifa.fr\/?post_type=product&#038;p=83"},"modified":"2026-02-15T12:19:34","modified_gmt":"2026-02-15T11:19:34","slug":"accompagnement-familial","status":"publish","type":"product","link":"https:\/\/www.greenshifa.com\/index.php\/produit\/accompagnement-familial\/","title":{"rendered":"Accompagnement Familial"},"content":{"rendered":"","protected":false},"excerpt":{"rendered":"<p align=\"JUSTIFY\"><span style=\"color: #000000;\"><span style=\"font-family: Arial Narrow, sans-serif;\"><span style=\"font-size: medium;\"><i>Prenez soin de votre famille<\/i><\/span><\/span><\/span><\/p>\n<p align=\"JUSTIFY\"><span style=\"color: #000000;\"><span style=\"font-family: Arial, sans-serif;\"><span style=\"font-size: medium;\">Changement\u00a0de vie, d\u00e9m\u00e9nagement difficile, transformation de la famille. Accompagner un divorce ou une s\u00e9paration, la recomposition d&rsquo;une nouvelle famille ou l&rsquo;arriv\u00e9e d&rsquo;un nouveau membre.<\/span><\/span><\/span><\/p>\n<p align=\"JUSTIFY\"><span style=\"color: #000000;\"><span style=\"font-family: Arial, sans-serif;\"><span style=\"font-size: medium;\">Traverser ensemble une adolescence difficile et renouer la communication rompue.<\/span><\/span><\/span><\/p>\n","protected":false},"featured_media":31,"comment_status":"open","ping_status":"closed","template":"","meta":[],"product_brand":[],"product_cat":[40],"product_tag":[],"class_list":{"0":"post-83","1":"product","2":"type-product","3":"status-publish","4":"has-post-thumbnail","6":"product_cat-accompagnements-et-soutien-psychologique","7":"pa_famille-formule-avancez-accompagne","8":"pa_famille-formule-serenite","9":"pa_famille-formule-trouvez-lequilibre","10":"pa_famille-seance","12":"first","13":"instock","14":"taxable","15":"shipping-taxable","16":"purchasable","17":"product-type-variable"},"_links":{"self":[{"href":"https:\/\/www.greenshifa.com\/index.php\/wp-json\/wp\/v2\/product\/83","targetHints":{"allow":["GET"]}}],"collection":[{"href":"https:\/\/www.greenshifa.com\/index.php\/wp-json\/wp\/v2\/product"}],"about":[{"href":"https:\/\/www.greenshifa.com\/index.php\/wp-json\/wp\/v2\/types\/product"}],"replies":[{"embeddable":true,"href":"https:\/\/www.greenshifa.com\/index.php\/wp-json\/wp\/v2\/comments?post=83"}],"wp:featuredmedia":[{"embeddable":true,"href":"https:\/\/www.greenshifa.com\/index.php\/wp-json\/wp\/v2\/media\/31"}],"wp:attachment":[{"href":"https:\/\/www.greenshifa.com\/index.php\/wp-json\/wp\/v2\/media?parent=83"}],"wp:term":[{"taxonomy":"product_brand","embeddable":true,"href":"https:\/\/www.greenshifa.com\/index.php\/wp-json\/wp\/v2\/product_brand?post=83"},{"taxonomy":"product_cat","embeddable":true,"href":"https:\/\/www.greenshifa.com\/index.php\/wp-json\/wp\/v2\/product_cat?post=83"},{"taxonomy":"product_tag","embeddable":true,"href":"https:\/\/www.greenshifa.com\/index.php\/wp-json\/wp\/v2\/product_tag?post=83"}],"curies":[{"name":"wp","href":"https:\/\/api.w.org\/{rel}","templated":true}]}}