{"id":549,"date":"2023-11-27T19:28:23","date_gmt":"2023-11-27T18:28:23","guid":{"rendered":"https:\/\/www.myshifa.fr\/?post_type=product&#038;p=549"},"modified":"2023-11-27T19:28:23","modified_gmt":"2023-11-27T18:28:23","slug":"dentifrice-siwak","status":"publish","type":"product","link":"https:\/\/www.greenshifa.com\/index.php\/produit\/dentifrice-siwak\/","title":{"rendered":"Dentifrice Siwak"},"content":{"rendered":"<p>PROPRI\u00c9T\u00c9S DU MISWAK<br \/>\nSant\u00e9 dentaire<\/p>\n<ul>\n<li>Il \u00e9vite la carie et son extension.<\/li>\n<li>Il fortifie les gencives qui deviennent plus solides.<\/li>\n<li>Il pr\u00e9vient la plaque dentaire<\/li>\n<li>Il rend les dents plus blanches (il enl\u00e8ve la couleur jaune).<\/li>\n<li>Il \u00e9limine la mauvaise haleine.<\/li>\n<li>Il am\u00e9liore le sens du go\u00fbt et \u00e9claircit la voix.<\/li>\n<li>Il facilite la digestion.<\/li>\n<\/ul>\n<p>Les composants du Miswak ou Siwak extrait de l\u2019arbre de l\u2019arak (le Salvadora Persica) :<br \/>\nParmi ces composants on a retrouv\u00e9 environ 19 substances qui on des vertus bienfaisantes pour la sant\u00e9 dentaire telles que les antiseptiques naturels, l\u00b4acide tannique, l\u00b4huile essentielle aromatique qui augmente la salivation, la trim\u00e9thylamine, l\u00b4alcalo\u00efde salvadorine, la vitamine C, les sels min\u00e9raux tels que le chlorure et le fluorure; les min\u00e9raux: le soufre, le phosphore, le calcium et surtout le silicium; des quantit\u00e9s variables de saponines, flavono\u00efdes et st\u00e9ro\u00efdes.<\/p>\n","protected":false},"excerpt":{"rendered":"<p><strong>Qualit\u00e9 : 100% pure et naturelle,<\/strong><br \/>\n<strong>Quantit\u00e9\u00a0: 75g<\/strong><\/p>\n<p><strong>Dentifrice Miswak \u00e0 base de poudre de siwak (75 g)<\/strong><\/p>\n","protected":false},"featured_media":550,"comment_status":"open","ping_status":"closed","template":"","meta":[],"product_brand":[],"product_cat":[100],"product_tag":[],"class_list":{"0":"post-549","1":"product","2":"type-product","3":"status-publish","4":"has-post-thumbnail","6":"product_cat-accessoires","8":"first","9":"instock","10":"taxable","11":"shipping-taxable","12":"purchasable","13":"product-type-simple"},"_links":{"self":[{"href":"https:\/\/www.greenshifa.com\/index.php\/wp-json\/wp\/v2\/product\/549","targetHints":{"allow":["GET"]}}],"collection":[{"href":"https:\/\/www.greenshifa.com\/index.php\/wp-json\/wp\/v2\/product"}],"about":[{"href":"https:\/\/www.greenshifa.com\/index.php\/wp-json\/wp\/v2\/types\/product"}],"replies":[{"embeddable":true,"href":"https:\/\/www.greenshifa.com\/index.php\/wp-json\/wp\/v2\/comments?post=549"}],"wp:featuredmedia":[{"embeddable":true,"href":"https:\/\/www.greenshifa.com\/index.php\/wp-json\/wp\/v2\/media\/550"}],"wp:attachment":[{"href":"https:\/\/www.greenshifa.com\/index.php\/wp-json\/wp\/v2\/media?parent=549"}],"wp:term":[{"taxonomy":"product_brand","embeddable":true,"href":"https:\/\/www.greenshifa.com\/index.php\/wp-json\/wp\/v2\/product_brand?post=549"},{"taxonomy":"product_cat","embeddable":true,"href":"https:\/\/www.greenshifa.com\/index.php\/wp-json\/wp\/v2\/product_cat?post=549"},{"taxonomy":"product_tag","embeddable":true,"href":"https:\/\/www.greenshifa.com\/index.php\/wp-json\/wp\/v2\/product_tag?post=549"}],"curies":[{"name":"wp","href":"https:\/\/api.w.org\/{rel}","templated":true}]}}